 + 2*x(i). Is m(4) a prime number?
False
Suppose -5586379 = 280*u - 11121609 - 16944570. Is u a composite number?
True
Suppose 5*h + h - 18 = 0. Suppose o - 6 = -o, -4 = 5*k - h*o. Is (0 + -3)*k + 126 composite?
True
Is (80/(-90) + 20/90)/(4/(-1598658)) a composite number?
True
Suppose 34*i - 1470190 = 5*i + 19*i. Is i a composite number?
True
Suppose f = -3*n + 17, -2*n - 10 = -3*n + 4*f. Is 28/(-21) + 2090/n prime?
True
Let f(l) = -l**3 + 81*l**2 + 284*l - 113. Is f(42) a prime number?
True
Suppose 27*b = 36*b + 2773602. Is b/(-130) - 4/(-10) prime?
True
Let y(q) = 31*q + 34*q**2 - 1 - 23*q - 18*q. Is y(-14) a composite number?
False
Let n be ((-83)/2)/((-426)/60 + 7). Suppose 3*x - 14765 = h - n, -x = -h - 4784. Is x a prime number?
True
Let z be 4697760/75 - -1*(-16)/20. Suppose 0 = o - 5*o + z. Is o a composite number?
True
Let o(j) = j**2 - 11*j - 97. Let b be o(15). Let h(w) = 2*w**2 + 5*w - 50. Is h(b) a composite number?
False
Let s(l) = 227*l - 1410. Is s(59) a prime number?
False
Suppose 57*v = 3701274 - 853725. Is v a composite number?
False
Suppose -77567 - 786638 + 140736 = -17*p. Is p a composite number?
False
Let r(s) = -445*s - 14. Let i be 21/(-14)*8/6. Let y be r(i). Suppose 0 = -7*d + 3935 - y. Is d composite?
True
Let u = -301 + 3996. Suppose -4*p - 4924 = -4*t - 0*p, -3*t = -p - u. Let f = t - 313. Is f a composite number?
False
Let w(f) = -3*f**3 + 5*f**2 - 12*f - 34. Let q(g) = 4*g**3 - 5*g**2 + 11*g + 34. Let k(j) = 2*q(j) + 3*w(j). Is k(-6) composite?
True
Is 9/(-3)*-1 - (-2137475 - 5)/10 prime?
True
Let u(h) = -h**2 + 2*h + 22. Let w be u(14). Let n = 225 + w. Is n composite?
False
Let r(o) = 5*o - 5. Let q(b) = -10*b + 10. Let v(i) = 3*q(i) + 7*r(i). Let s be v(3). Suppose -j + s*j = 12537. Is j composite?
True
Let a(u) = -3*u**2 - 2*u**2 + 2*u + 18 + 2*u**2 + 9*u**2 + u**3. Let y be a(-6). Is ((-892)/(-12))/(2/y) composite?
False
Let x be (-4)/(-14) - (-38)/14. Suppose 3*w + w - 1963 = -z, -x*w = -2*z + 3871. Suppose -4*t + 2*f = -7772, 0 = 3*t - 2*t + 3*f - z. Is t prime?
False
Suppose -3*s = 3*p - 1137, 0*p - 773 = -2*s + 3*p. Let u(k) = -3*k**3 - k**2 + k + 20. Let n be u(-3). Let t = s - n. Is t a prime number?
True
Let m(r) = -r**3 - 13*r**2 - 22*r - 14. Let v = 36 - 52. Let l be m(v). Let w = l + -607. Is w a composite number?
False
Suppose 259*k = 54598671 - 4043684. Is k a composite number?
False
Let t = -1994054 - -3253837. Is t prime?
False
Let j = 46 + -44. Suppose 4*i + 6 = -0*u - j*u, -i + 4*u = -12. Suppose -o + 7*o - 1356 = i. Is o composite?
True
Let g = -47 + 55. Let y(i) = 23*i**2 - 7*i + 27. Let j(n) = -35*n**2 + 10*n - 40. Let z(q) = g*y(q) + 5*j(q). Is z(9) composite?
False
Suppose 3*d = 2*k + 38, 2*k + 4 = k. Is 1 - (d - 5 - 25) a composite number?
True
Suppose -50*v - 5*z + 142970 = -45*v, -z - 28608 = -v. Is v a prime number?
False
Is (-9 - 3222736/1)*(3 + (-96)/30) composite?
False
Let y = 422880 - 30695. Is y a composite number?
True
Let k = 7147 + 2266. Is k composite?
False
Let n = 7522 + 26305. Is n prime?
True
Let o = -11279 + 23950. Let l = o - -2588. Is l a prime number?
True
Let l be (1 + 6)*66/77. Suppose 4*v = -n - l - 6, 5*v = n - 15. Suppose -7*t + n*t = -25529. Is t composite?
True
Let d = 10203 + 10850. Is d prime?
False
Let y = -7191 + 11549. Is y a composite number?
True
Let x(s) = 2*s**2 + 15*s - 10. Let p be x(-8). Let c be p/6*(-24)/2. Is 6222/24 + c/(-16) a prime number?
False
Is ((-623096699)/102)/(-59)*6 a composite number?
True
Is (-4252 + -7)*(-1 - 1) + (-450)/90 a composite number?
False
Let y be ((-4 + 2)*-12219)/2. Suppose 5*p + y + 3136 = 5*g, -3*p = g - 3067. Suppose 10*z + g = 20*z. Is z prime?
True
Suppose 4*i + 3*s = 519395, -24*s - 389555 = -3*i - 28*s. Is i a composite number?
True
Is (-56760594)/(-132)*(4 - 2) a composite number?
False
Is (138548 + -7 + -2 + 4)*(-1 + 2) composite?
True
Let y(n) = 3472*n - 259. Let a be y(7). Suppose -6*r = 9*r - a. Is r composite?
True
Suppose 0 = -4*i - 1 + 21. Suppose u = -6*x + 3*x + i, 0 = -4*x + 4*u + 28. Suppose -4*z - 3*n = -3009, 0*z - 3*n = -x*z + 2262. Is z a composite number?
True
Is (76/(-190) - 4/15)*3177894/(-4) a composite number?
False
Is (-1059641 + (3 - 0))/(-17 + (-4095)/(-245)) composite?
True
Suppose 4*w + 3*x - 16 = 0, 2*w + 3*w + 4*x = 20. Suppose 4*b = w*y + 24968, 0*y + 4*y + 31207 = 5*b. Is b a prime number?
False
Let c = -6939 - -10247. Suppose -3*s + 1819 + c = 0. Is s a prime number?
True
Suppose -11*a + 183962 - 59871 = 0. Suppose 51*r - a = 50*r. Is r a composite number?
True
Suppose i + 0*i - 681 = 2*h, 4*i = h + 2724. Suppose -5*u - i = 4*p, 4*u - 5*p + 669 - 157 = 0. Let s = 560 + u. Is s a composite number?
True
Let d = 80447 + -29800. Is d composite?
False
Is 18/(-24) + -58*(-42668)/32 prime?
False
Let x(t) = 5406*t**2 + 96*t - 457. Is x(5) a composite number?
False
Let l(c) = 5149*c**2 - c - 5. Let v be (9 + (-63)/9)/(3/(-3)). Is l(v) composite?
False
Let x(v) = v**2 + v - 20. Let d be x(4). Suppose d = 5*m + r - 35517, 3*r - 2863 - 25555 = -4*m. Is m a composite number?
False
Let g = -71908 - -156422. Suppose -71488 = -14*k + g. Is k prime?
False
Let t(n) = -41*n**2 - 15*n. Let s be t(-1). Let g(p) = 5*p**2 + 59*p - 9. Is g(s) prime?
False
Suppose 8293699 = 22*y + 117905. Is y a prime number?
True
Suppose 6*a - 1483978 = -216971 + 308491. Is a composite?
False
Let j(o) = 8 + 5 - 41*o - 2. Let a(w) = 81*w - 23. Let b(n) = 2*a(n) + 5*j(n). Is b(-11) prime?
False
Let g be 7 - (12 + -6) - -2394. Suppose -2*s + 8 = -0*s, -v - s = -19. Suppose -20*d + g = -v*d. Is d composite?
False
Is (9/24*2)/(40/377120) a prime number?
False
Let j = -7000 - -18549. Is j a composite number?
False
Let a = 12283 + -11412. Is a composite?
True
Let f be ((-96)/(-9))/((-6)/27). Let k = -46 - f. Is ((-51)/6)/(k/(-116)) composite?
True
Suppose 179 = 5*l - 4*c, -152 = -4*l + 3*c - 2*c. Suppose d = -4*a - 42, d = -3*a + 2*a - l. Let q = 81 - d. Is q a prime number?
False
Let m(j) = -10*j + 59. Let a be m(5). Suppose 4*x - 9244 = 4*r, -5*r + 9208 = 13*x - a*x. Is x prime?
False
Suppose 7 - 23 = a. Is 1/((2/4)/((-1064)/a)) a prime number?
False
Let d = 22033 + -21476. Is d prime?
True
Suppose 44 = 2*w - 24. Suppose -w*g = -38*g + 8. Suppose 1584 = 4*n + 4*q, n = -0*q + g*q + 393. Is n prime?
False
Let w be (-5 - -4) + -5 + 5. Let k be (4 - 5)/w*2. Suppose -3*p + l + 789 = 0, 1052 = k*p + 2*p + 5*l. Is p composite?
False
Suppose -2*r = o + 6, 0 = 4*o + 4*r - 2*r. Let x(v) = -2*v + 2 + 6*v**3 + 0*v**3 + 0 - 2*v**3 - v**o. Is x(5) composite?
False
Let b = -67 - -71. Let a be -2650 + b/(-1) + 6. Is 3/(2*(-4)/a) composite?
True
Suppose -1415 = -5*t + 32215. Let n = t + -2627. Is n a prime number?
True
Let v(k) = -362*k**3 + k**2 - 3*k - 5. Let l be v(-4). Suppose -4*m = -4*r - 58586 + 12202, 2*m = 3*r + l. Is m a composite number?
False
Suppose 2*g - 53*p + 49*p = 0, -2*g + p + 15 = 0. Suppose -g*r = 3619 - 131709. Is r a prime number?
True
Let h(c) = 6 - 1413*c**2 + 13 + 39*c + 1425*c**2. Is h(-16) composite?
False
Suppose -17*n = -34*n + 498285 + 1330286. Is n prime?
True
Suppose -3*j = 5*b - 0*j - 99, -9 = -3*j. Let p = b + -18. Suppose 2*g + z - 1042 = p, -z - 3*z = 0. Is g composite?
False
Let u = 1248 - 877. Suppose 0 = u*p - 370*p - 7679. Is p composite?
True
Let p = -37 - -35. Let r(i) = -40*i**3 - i**2 + 2*i - 1. Let c be r(p). Let w = 188 + c. Is w composite?
False
Let q(h) = -243*h**2 - 4*h + 10. Let f(r) = 5*r - 30. Let n be f(7). Let j(b) = 242*b**2 + 4*b - 9. Let w(x) = n*q(x) + 6*j(x). Is w(1) composite?
True
Let g = -715 + 3400. Suppose 9*k + g = 14*k. Is k a prime number?
False
Suppose 2*k = -6*l + 845066, 33*l - 2*k + 281682 = 35*l. Is l a prime number?
False
Let f(u) = -36*u - 240. Let v be f(-10). Is v + 44 - (1 - -6) a composite number?
False
Suppose 2*h - 5172 = 3*d, 5*h = 2*h. Let l = d - -1078. Let y = l - -1325. Is y composite?
True
Let u be (0 + 9 + -4)*(-82)/5. Let i = 79 + u. Is ((-10)/i - 3)*5703 a composite number?
False
Let a = 112 - 65. Suppose -45*k - 734 = -a*k. Is k prime?
True
Suppose 34*s - 135 = 43*s. Let l(h) = 18*h**2 + 15*h - 16. Is l(s) composite?
True
Let h(c) = -4*c**3 + 33*c**2 + 33*c - 47. Suppose 5*n = -14 - 31. Let s(a) = -a**3 + 8*a**2 + 8*a - 12. Let w(i) = n*s(i) + 2